 -0*y. Let k = 212 - l. Calculate the highest common factor of k and 9.
9
Let d be (179/2148)/((-2)/(-3)) - (-1869)/24. What is the highest common divisor of d and 1209?
39
Let x(c) be the third derivative of 3*c**4/4 - c**3/3 + 9*c**2. Let i be x(2). Let l be -3 + 108 + -2*6/4. Calculate the highest common factor of i and l.
34
Suppose -2*b + 10 = -2*a, 3 = -3*b + 4*a + 13. Suppose 2*j + w = 55, 40*w = 5*j + 36*w - 170. What is the greatest common divisor of b and j?
10
Let h be 1*-5 + 50/(-40)*4. Let q be (-5)/(h/(-18)) - -485. Calculate the greatest common factor of q and 68.
68
Let d be (((-21)/(6/6))/1)/(6/(-64)). What is the greatest common factor of d and 1512?
56
Let u(l) = 1464 - l**3 - l**2 - 1419 - 13*l**2 + 9*l. Let g be u(-15). What is the highest common divisor of 120 and g?
15
Suppose 0 = 2*g - 6 + 4, -3073 = -3*k - g. What is the greatest common divisor of 80 and k?
16
Let j = 363433 - 363415. Let t be (2/(-2) + -116)*-1. What is the highest common divisor of j and t?
9
Suppose 16*z = 12*z - 112. Let u be 28/(-49) + (-632)/z. Let m = -15 + u. What is the highest common divisor of 35 and m?
7
Let f(z) = 803 + 8*z - 948 - 26*z. Let q be f(-10). What is the highest common divisor of q and 10?
5
Let s be (-43 - -35) + (222 - (-3 - -5)). Calculate the greatest common divisor of s and 1.
1
Let u be ((-2)/10)/((-1 + -5)/330). Suppose 0 = -u*y - 15*y + 338. What is the greatest common divisor of 5 and y?
1
Suppose -5*n = 62 - 217. Let p(d) = -61*d + 187*d - n + d**3 - 15*d**2 - 96*d. Let b be p(13). What is the highest common factor of 273 and b?
21
Let x be (-4452)/((-1*(-5 - -3))/(-1)). What is the greatest common factor of x and 14?
14
Let q(i) = 2*i**3 - 11*i**2 + 2*i + 19. Let z(p) = 12*p - 79. Let j be z(7). Let r be q(j). What is the greatest common factor of 188 and r?
4
Let c(x) = 67*x + 268. Let r be c(4). What is the highest common factor of r and 8?
8
Let g(m) = -m**3 + 9*m**2 - 11*m + 33. Let r be g(7). Let o be (-84)/(-3) + (-2 - -1). What is the greatest common divisor of o and r?
27
Let y(p) = -p**2 + 43*p - 194. Let q be y(36). What is the highest common divisor of q and 58?
58
Let d be (1 - 2)/((-4)/16). Suppose f - 26 = a, d*f + 5*a - 72 = a. Calculate the greatest common divisor of 110 and f.
22
Let g = 304 + -531. Suppose 4*q + 2*w - 1532 = 0, q - 331 = -3*w + 62. Let k = g + q. Calculate the highest common factor of 14 and k.
14
Let s(m) = -m**3 + 31*m**2 - 229*m + 121. Let f be s(15). Let w(o) = -4*o - 7. Let r be w(-5). What is the greatest common factor of r and f?
13
Let b(m) = -25*m - 16. Let p be b(-10). Suppose -5*r = -d - p, -5*r + 226 = -0*d + d. What is the greatest common factor of r and 92?
46
Let o be (-2 - 15/9)/((-11)/33). Let d = 215 - 347. Let w be (-3)/(-2)*d/(-18). Calculate the greatest common divisor of w and o.
11
Let i = -98 + 99. Let w be ((-1)/(-6) - 904/(-48))/i. Suppose 46 + 68 = 3*a. Calculate the greatest common factor of a and w.
19
Let a(x) = -31*x + 1. Let t be a(-2). Suppose t*b = 59*b + 152. Let m be 8/((-72)/b + 2). Calculate the greatest common factor of 114 and m.
38
Let g(b) = -b**2 + 10*b - 18. Let p be g(5). Suppose n - 47 = 43. Suppose p*r = -3*r + n. What is the greatest common divisor of r and 81?
9
Let s be 1*1/4 - (-2219)/(-28). Let c = -71 - s. What is the highest common factor of c and 20?
4
Suppose 27*w = 39*w - 4920. What is the highest common factor of w and 30?
10
Let h = 12315 - 8616. What is the highest common factor of h and 135?
27
Let p = -122952 - -123104. Let x be -5*1*(-38)/5. Calculate the greatest common factor of x and p.
38
Suppose -11*i + 245 = -6*i. Suppose 31 + i = 4*m. Let o(w) = 8*w**2 + 9*w + 5. Let b be o(-3). What is the highest common factor of b and m?
10
Suppose 0*r - 3*r = -4*k + 586, 0 = 4*k + r - 578. Suppose 4*z + 49*d - 232 = 44*d, -2*d + 290 = 5*z. What is the highest common divisor of z and k?
29
Let o(z) = 35*z + 1476. Let t be o(-42). What is the highest common divisor of t and 1158?
6
Suppose -132 = -2*y + 4*p, -4*p - 32 = -8. What is the highest common divisor of y and 1224?
18
Let c be 45 + (-5)/1 + -1. Let o = 44 - c. Calculate the greatest common divisor of o and 9.
1
Let y = -16020 + 23523. Calculate the highest common divisor of y and 549.
183
Let k be (-138)/92*(2 + 1 + -11). What is the highest common factor of 192 and k?
12
Suppose -o = 3*o + 360. Let j = o + 167. Suppose -74 = 873*s - 877*s + 5*q, -5*s - q = -49. What is the highest common divisor of j and s?
11
Suppose -8*h - 68465 = -73*h + 32090. What is the highest common divisor of 364 and h?
91
Suppose 5*s + t - 20 = 0, t - 7 = s - t. Let i be 43/3 - 4/(-6). What is the highest common factor of s and i?
3
Let p = 251 + -357. Let z be (-21)/105 + p/(-5). What is the highest common divisor of 12 and z?
3
Let f be (-3)/12 + ((-14)/8)/(-7). Suppose 2*q - 46 - 54 = f. Let w = -47 + 67. What is the greatest common divisor of q and w?
10
Let j = 7 - 1. Let d be (0 + -30)*((-36)/104 - (-4)/(-26)). Calculate the greatest common factor of j and d.
3
Let f(x) = -x**3 + x**2 + 12*x + 1272. Let a be f(0). What is the greatest common factor of 24 and a?
24
Let a(s) = -40*s + 3667. Let n be a(-80). Calculate the highest common factor of 63 and n.
63
Let x = -324 + 326. Suppose 3*s + p = 44, 2*p - 23 = -x*s + 1. Calculate the greatest common divisor of 10 and s.
2
Let p(b) = 546*b + 3431. Let d be p(-6). What is the greatest common divisor of 217 and d?
31
Let m(g) = -43*g + 269. Let k be m(6). Suppose 119 = u + 42. Calculate the highest common divisor of u and k.
11
Let x(r) = -45*r + 1337. Let s be x(28). Calculate the greatest common factor of s and 301.
7
Let b(y) = -y**2 - 4*y - 3. Let p be b(-1). Suppose p = d + 4*d - 2*s - 16, 0 = 3*s + 9. Suppose -d*g = -0 - 2. What is the greatest common factor of 5 and g?
1
Let h = -17537 - -22280. What is the greatest common factor of 255 and h?
51
Suppose 72 = 2*l + 28. Suppose -2*q + 8*x - 11*x + 686 = 0, -3*x = 5*q - 1742. What is the greatest common divisor of l and q?
22
Let p(m) = -12*m**2 - 55*m + 12. Let t be p(-3). What is the highest common divisor of t and 2875?
23
Let q(m) = -3*m - 1 - 7 + 2*m**2 + 2. Let a be q(6). Let n be (-7 + (-130)/(-15))/(40/1536 + 0). What is the highest common divisor of a and n?
16
Let d be 3/21 - ((-132)/(-42) - -2). Let j be 11700/(-80)*(1 + d). Calculate the greatest common factor of j and 45.
45
Let i(l) = -l**3 - 10*l**2 - 18*l - 10. Let x be i(-8). Let g be (3/(-3))/1*(-162)/x. What is the greatest common factor of g and 27?
27
Let c = 1701 + 6013. Calculate the highest common factor of 14 and c.
14
Let a be (125/10)/((-1)/(-2)). Let s = 41 - a. What is the greatest common factor of s and 6?
2
Suppose 10 = 32*d - 30*d. Suppose 4 = x + l - 8, -x = -d*l. What is the highest common factor of 155 and x?
5
Suppose 2*n - 8 = 0, n = -4*l - 3*n + 28. Suppose l*x - 85 = -3*i + 77, -2*i = -5*x + 263. Calculate the greatest common divisor of 583 and x.
53
Let x(n) = n**3 - 143*n**2 + 137*n + 1538. Let a be x(142). What is the greatest common divisor of 756 and a?
36
Let d = -12471 - -12846. Calculate the greatest common divisor of d and 110.
5
Suppose 0 = -2*b - 6, -4*f + 1 + 17 = -2*b. Suppose 7*o = 3*g - 5*g + 264, -4*o + f*g + 155 = 0. Calculate the greatest common divisor of 874 and o.
38
Suppose 5*z = -11*w + 14*w + 20, -2*z + 8 = -w. Suppose 5*d + 49 = 4*g + 459, -z*g - 328 = -4*d. Calculate the greatest common factor of 779 and d.
41
Let b = 405 + -381. What is the greatest common factor of b and 15384?
24
Let g be 580/(-464)*3/(6/(-8)). Suppose g*c + 2*h - 3 = 18, -3*c - 2*h = -15. Let b = -8 + 11. Calculate the highest common factor of b and c.
3
Let x(d) = 5*d**2 + 527*d - 656. Let f be x(-108). What is the greatest common factor of 2652 and f?
68
Suppose -2*x + 4*a = -3072, 0 = x - 376*a + 372*a - 1536. Calculate the greatest common divisor of 288 and x.
96
Let q(c) = -c**2 + 13*c. Let n = -179 - -190. Let o be q(n). What is the greatest common divisor of o and 1?
1
Let c be ((64/6)/2)/(-24 + (-370)/(-15)). What is the highest common factor of 7256 and c?
8
Let r be 24/(-5)*22/((-484)/55). Let g = 43 - 31. Calculate the greatest common factor of g and r.
12
Let z = 20875 - 20770. Let l = 